{"id":7527,"date":"2017-02-19T20:44:03","date_gmt":"2017-02-19T19:44:03","guid":{"rendered":"http:\/\/www.exploring-beyond.com\/?page_id=7527"},"modified":"2019-04-30T23:15:12","modified_gmt":"2019-04-30T21:15:12","slug":"partenariats","status":"publish","type":"page","link":"https:\/\/exploring-beyond.com\/?page_id=7527","title":{"rendered":"Partenariats"},"content":{"rendered":"<p style=\"text-align: justify;\"><a href=\"http:\/\/www.exploring-beyond.com\/wp-content\/uploads\/2017\/02\/saddhu.jpg\"><img loading=\"lazy\" decoding=\"async\" class=\"alignleft wp-image-9417\" src=\"http:\/\/www.exploring-beyond.com\/wp-content\/uploads\/2017\/02\/saddhu.jpg\" alt=\"\" width=\"382\" height=\"215\" srcset=\"https:\/\/exploring-beyond.com\/wp-content\/uploads\/2017\/02\/saddhu.jpg 768w, https:\/\/exploring-beyond.com\/wp-content\/uploads\/2017\/02\/saddhu-600x338.jpg 600w, https:\/\/exploring-beyond.com\/wp-content\/uploads\/2017\/02\/saddhu-300x168.jpg 300w, https:\/\/exploring-beyond.com\/wp-content\/uploads\/2017\/02\/saddhu-470x264.jpg 470w, https:\/\/exploring-beyond.com\/wp-content\/uploads\/2017\/02\/saddhu-640x360.jpg 640w, https:\/\/exploring-beyond.com\/wp-content\/uploads\/2017\/02\/saddhu-215x120.jpg 215w, https:\/\/exploring-beyond.com\/wp-content\/uploads\/2017\/02\/saddhu-414x232.jpg 414w\" sizes=\"auto, (max-width: 382px) 100vw, 382px\" \/><\/a>Soyez les bienvenus sur mon blog <em>Exploring Beyond<\/em>. Comme vous l&rsquo;avez compris, celui-ci a pour but de partager aussi bien mes <a href=\"http:\/\/www.exploring-beyond.com\/voyages-dhier-et-daujourdhui\/\">exp\u00e9riences de voyage<\/a>, <a href=\"http:\/\/www.exploring-beyond.com\/voyages-dhier-et-daujourdhui\/\">mes coups de c\u0153ur<\/a>, <a href=\"http:\/\/www.exploring-beyond.com\/generalites-rencontres\/\">mes rencontres inspirantes<\/a>, <a href=\"http:\/\/www.exploring-beyond.com\/apropos\/a-propos-de-ludovic-hubler\/engagement\/\">mon engagement soci\u00e9tal<\/a> et <a href=\"http:\/\/www.exploring-beyond.com\/defis\/\">les d\u00e9fis que je me lance r\u00e9guli\u00e8rement<\/a> (\u00e0 commencer bien s\u00fbr par <a href=\"http:\/\/www.exploring-beyond.com\/defis\/defi-2003-2008-le-tour-du-monde-en-stop\/\">le tour du monde en stop)<\/a>. Il vient en compl\u00e9ment du livre \u00ab\u00a0<a href=\"http:\/\/www.exploring-beyond.com\/defis\/defi-2009-ecriture-dun-livre\/\"><em>Le Monde en Stop, 5 ann\u00e9es \u00e0 l&rsquo;\u00e9cole de la vie<\/em><\/a>\u00a0\u00bb qui s&rsquo;est vendu \u00e0 plusieurs dizaines de milliers d&rsquo;exemplaires et des nombreuses apparitions <a href=\"http:\/\/www.exploring-beyond.com\/medias\/\">m\u00e9dias<\/a>.<\/p>\n<p style=\"text-align: justify;\">Vous souhaitez collaborer ? Me faire ou nous faire (avec mon \u00e9pouse et mes 2 enfants Ana-Laura et Sebastian) d\u00e9couvrir votre r\u00e9gion ? une activit\u00e9 sympa ? un restaurant sortant de l&rsquo;ordinaire ? un h\u00f4tel original ?<\/p>\n<p style=\"text-align: justify;\">Nous sommes g\u00e9n\u00e9ralement partants pour vivre de nouvelles exp\u00e9riences int\u00e9ressantes et les partager sur ce blog et sur nos r\u00e9seaux sociaux. N&rsquo;h\u00e9sitez donc pas \u00e0 nous <a href=\"http:\/\/www.exploring-beyond.com\/contact\/\">contacter<\/a>.<\/p>\n<p style=\"text-align: justify;\">Merci de ne pas me contacter pour des \u00e9changes de liens, cela ne m&rsquo;int\u00e9resse pas.<\/p>\n","protected":false},"excerpt":{"rendered":"<p>Soyez les bienvenus sur mon blog Exploring Beyond. Comme vous l&rsquo;avez compris, celui-ci a pour but de partager aussi bien mes exp\u00e9riences de voyage, mes coups de c\u0153ur, mes rencontres inspirantes, mon engagement soci\u00e9tal et les d\u00e9fis que je me lance r\u00e9guli\u00e8rement (\u00e0 commencer bien s\u00fbr par le tour du monde en stop). Il vient [&hellip;]<\/p>\n","protected":false},"author":1,"featured_media":13870,"parent":2,"menu_order":0,"comment_status":"open","ping_status":"closed","template":"","meta":{"footnotes":""},"class_list":["post-7527","page","type-page","status-publish","has-post-thumbnail","hentry"],"_links":{"self":[{"href":"https:\/\/exploring-beyond.com\/index.php?rest_route=\/wp\/v2\/pages\/7527","targetHints":{"allow":["GET"]}}],"collection":[{"href":"https:\/\/exploring-beyond.com\/index.php?rest_route=\/wp\/v2\/pages"}],"about":[{"href":"https:\/\/exploring-beyond.com\/index.php?rest_route=\/wp\/v2\/types\/page"}],"author":[{"embeddable":true,"href":"https:\/\/exploring-beyond.com\/index.php?rest_route=\/wp\/v2\/users\/1"}],"replies":[{"embeddable":true,"href":"https:\/\/exploring-beyond.com\/index.php?rest_route=%2Fwp%2Fv2%2Fcomments&post=7527"}],"version-history":[{"count":5,"href":"https:\/\/exploring-beyond.com\/index.php?rest_route=\/wp\/v2\/pages\/7527\/revisions"}],"predecessor-version":[{"id":13871,"href":"https:\/\/exploring-beyond.com\/index.php?rest_route=\/wp\/v2\/pages\/7527\/revisions\/13871"}],"up":[{"embeddable":true,"href":"https:\/\/exploring-beyond.com\/index.php?rest_route=\/wp\/v2\/pages\/2"}],"wp:featuredmedia":[{"embeddable":true,"href":"https:\/\/exploring-beyond.com\/index.php?rest_route=\/wp\/v2\/media\/13870"}],"wp:attachment":[{"href":"https:\/\/exploring-beyond.com\/index.php?rest_route=%2Fwp%2Fv2%2Fmedia&parent=7527"}],"curies":[{"name":"wp","href":"https:\/\/api.w.org\/{rel}","templated":true}]}}