{"id":4145,"date":"2015-08-07T03:23:42","date_gmt":"2015-08-07T01:23:42","guid":{"rendered":"http:\/\/dev.ludovichubler.com\/?page_id=4145"},"modified":"2019-04-28T15:41:52","modified_gmt":"2019-04-28T13:41:52","slug":"defis","status":"publish","type":"page","link":"https:\/\/exploring-beyond.com\/?page_id=4145","title":{"rendered":"D\u00e9fis personnels"},"content":{"rendered":"<p style=\"text-align: justify;\">J\u2019aime me fixer des d\u00e9fis. Ils me permettent g\u00e9n\u00e9ralement de donner le meilleur de moi-m\u00eame et parfois d\u2019aboutir \u00e0 des r\u00e9sultats dont je ne me sentais pas capable.<\/p>\n<p style=\"text-align: justify;\">Mon go\u00fbt pour les challenges est probablement n\u00e9 dans mon enfance lorsque mon p\u00e8re nous soumettait sans cesse toutes sortes de d\u00e9fis nous poussant \u00e0 sortir de notre zone de confort.<\/p>\n<p style=\"text-align: justify;\">Sur cette page, mon objectif est simplement de partager certains d\u2019entre eux, soient-ils sportifs ou non sportifs. Au niveau sportif, j\u2019ai pris la d\u00e9cision en 2014 de r\u00e9aliser un challenge de ce type par an (quand je le peux) histoire \u00e0 la fois de garder la forme physique et de me pousser dans mes retranchements.<\/p>\n<table style=\"height: 49px; background-color: #62627a;\" width=\"1223\">\n<tbody>\n<tr>\n<td style=\"width: 1212.53px; text-align: center;\"><span style=\"color: #ffffff; font-size: 18pt;\"><strong>D\u00e9fi 2017 : Ascension du Mont-Blanc (4810m)<\/strong><\/span><\/td>\n<\/tr>\n<\/tbody>\n<\/table>\n<figure id=\"attachment_13517\" aria-describedby=\"caption-attachment-13517\" style=\"width: 299px\" class=\"wp-caption alignleft\"><a href=\"http:\/\/www.exploring-beyond.com\/wp-content\/uploads\/2017\/03\/3.jpg\"><img loading=\"lazy\" decoding=\"async\" class=\"wp-image-13517\" src=\"http:\/\/www.exploring-beyond.com\/wp-content\/uploads\/2017\/03\/3.jpg\" alt=\"\" width=\"299\" height=\"224\" srcset=\"https:\/\/exploring-beyond.com\/wp-content\/uploads\/2017\/03\/3.jpg 960w, https:\/\/exploring-beyond.com\/wp-content\/uploads\/2017\/03\/3-600x450.jpg 600w, https:\/\/exploring-beyond.com\/wp-content\/uploads\/2017\/03\/3-300x225.jpg 300w, https:\/\/exploring-beyond.com\/wp-content\/uploads\/2017\/03\/3-768x576.jpg 768w, https:\/\/exploring-beyond.com\/wp-content\/uploads\/2017\/03\/3-74x55.jpg 74w, https:\/\/exploring-beyond.com\/wp-content\/uploads\/2017\/03\/3-111x83.jpg 111w, https:\/\/exploring-beyond.com\/wp-content\/uploads\/2017\/03\/3-215x161.jpg 215w\" sizes=\"auto, (max-width: 299px) 100vw, 299px\" \/><\/a><figcaption id=\"caption-attachment-13517\" class=\"wp-caption-text\">Ascension du Mont-Blanc<\/figcaption><\/figure>\n<p style=\"text-align: justify;\">Autour d&rsquo;un verre avec mes amis Jean-Luc Brun et J\u00e9r\u00e9mie B\u00e9clair, nous discutions du prochain d\u00e9fi \u00e0 r\u00e9aliser. Une ascension devait se faire un jour ou l&rsquo;autre. Et pourquoi pas maintenant ? Se rendre sur le toit de l&rsquo;Europe nous semblait une bonne id\u00e9e malgr\u00e9 notre inexp\u00e9rience.<\/p>\n<p style=\"text-align: justify;\">Nous nous sommes donc pr\u00e9par\u00e9s puis lanc\u00e9s. Retrouvez <a href=\"http:\/\/www.exploring-beyond.com\/defi-2017-ascension-du-mont-blanc\/\">ici<\/a> le d\u00e9tail de cette ascension qui restera un moment magique dans nos m\u00e9moires.<\/p>\n<p style=\"text-align: justify;\">[mks_separator style=\u00a0\u00bbsolid\u00a0\u00bb height=\u00a0\u00bb0&Prime;]<\/p>\n<table style=\"height: 44px; background-color: #62627a; border-color: #000000;\" width=\"1222\">\n<tbody>\n<tr style=\"height: 43px;\">\n<td style=\"width: 1216.53px; height: 43px;\">\n<p style=\"text-align: center;\"><span style=\"color: #ffffff; font-size: 18pt;\"><strong>D\u00e9fi 2015 : V\u00e9lo Strasbourg-Eze (1287 Kms)<\/strong><\/span><\/p>\n<\/td>\n<\/tr>\n<\/tbody>\n<\/table>\n<figure id=\"attachment_6830\" aria-describedby=\"caption-attachment-6830\" style=\"width: 300px\" class=\"wp-caption alignleft\"><a href=\"http:\/\/www.exploring-beyond.com\/wp-content\/uploads\/2015\/11\/IMG_4842.jpg\"><img loading=\"lazy\" decoding=\"async\" class=\"size-medium wp-image-6830\" src=\"http:\/\/www.exploring-beyond.com\/wp-content\/uploads\/2015\/11\/IMG_4842-300x169.jpg\" alt=\"\" width=\"300\" height=\"169\" \/><\/a><figcaption id=\"caption-attachment-6830\" class=\"wp-caption-text\">Sur la route Strasbourg-Eze<\/figcaption><\/figure>\n<p style=\"text-align: justify;\">En 2008, rentr\u00e9 depuis peu de mon tour du monde, ma maman gagne un v\u00e9lo \u00e0 une tombola. Peu adepte du 2 roues, elle me le donne gentiment.<\/p>\n<p style=\"text-align: justify;\">Depuis 7 ans, ce v\u00e9lo, qui n&rsquo;a jamais servi, prend la poussi\u00e8re dans le garage de mes parents \u00e0 Strasbourg et je ne cesse de me dire qu&rsquo;il faudrait un jour ou l&rsquo;autre le descendre.<\/p>\n<p style=\"text-align: justify;\">Et si je le descendais en v\u00e9lo ? A peine la question pos\u00e9e, la r\u00e9ponse \u00e9tait \u00e9vidente, elle \u00e9tait positive. Je me suis donc organis\u00e9 puis ai pris la route avec 2 amis, J\u00e9r\u00e9mie et Milan. Il fallait donner un sens plus large \u00e0 ce voyage, la promotion de TWAM \u00e9tait \u00e9vidente. Plus de d\u00e9tails <a href=\"http:\/\/www.exploring-beyond.com\/defi-2015-strasbourg-eze-1287-kms-a-velo-pour-promouvoir-twam\/\">ici<\/a>.<\/p>\n<table style=\"height: 45px; background-color: #62627a; border-color: #000000;\" width=\"1228\">\n<tbody>\n<tr>\n<td style=\"width: 1217.53px; text-align: center;\"><span style=\"color: #ffffff;\"><strong><span style=\"font-size: 18pt;\">D\u00e9fi 2014 : Courir un marathon<\/span><\/strong><\/span><\/td>\n<\/tr>\n<\/tbody>\n<\/table>\n<figure id=\"attachment_10254\" aria-describedby=\"caption-attachment-10254\" style=\"width: 300px\" class=\"wp-caption alignleft\"><a href=\"http:\/\/www.exploring-beyond.com\/wp-content\/uploads\/2017\/02\/IMG_0660.jpg\"><img loading=\"lazy\" decoding=\"async\" class=\"size-medium wp-image-10254\" src=\"http:\/\/www.exploring-beyond.com\/wp-content\/uploads\/2017\/02\/IMG_0660-300x225.jpg\" alt=\"\" width=\"300\" height=\"225\" srcset=\"https:\/\/exploring-beyond.com\/wp-content\/uploads\/2017\/02\/IMG_0660-300x225.jpg 300w, https:\/\/exploring-beyond.com\/wp-content\/uploads\/2017\/02\/IMG_0660-600x450.jpg 600w, https:\/\/exploring-beyond.com\/wp-content\/uploads\/2017\/02\/IMG_0660-768x576.jpg 768w, https:\/\/exploring-beyond.com\/wp-content\/uploads\/2017\/02\/IMG_0660-1024x768.jpg 1024w, https:\/\/exploring-beyond.com\/wp-content\/uploads\/2017\/02\/IMG_0660-74x55.jpg 74w, https:\/\/exploring-beyond.com\/wp-content\/uploads\/2017\/02\/IMG_0660-111x83.jpg 111w, https:\/\/exploring-beyond.com\/wp-content\/uploads\/2017\/02\/IMG_0660-215x161.jpg 215w, https:\/\/exploring-beyond.com\/wp-content\/uploads\/2017\/02\/IMG_0660-990x743.jpg 990w, https:\/\/exploring-beyond.com\/wp-content\/uploads\/2017\/02\/IMG_0660-1320x990.jpg 1320w\" sizes=\"auto, (max-width: 300px) 100vw, 300px\" \/><\/a><figcaption id=\"caption-attachment-10254\" class=\"wp-caption-text\">Pr\u00eat pour le marathon<\/figcaption><\/figure>\n<p>Malgr\u00e9 mes 188 cms et mon dixi\u00e8me de tonne, je m\u2019\u00e9tais promis de courir un jour un marathon. Ce d\u00e9fi fut relev\u00e9 le 14 novembre 2014. Plus de d\u00e9tails <a href=\"http:\/\/www.exploring-beyond.com\/mon-premier-marathon\/\">ici<\/a>.<\/p>\n<div style=\"text-align: justify;\">[mks_separator style=\u00a0\u00bbsolid\u00a0\u00bb height=\u00a0\u00bb0&Prime;]<\/div>\n<table style=\"height: 29px; background-color: #62627a; border-color: #000000;\" width=\"1227\">\n<tbody>\n<tr>\n<td style=\"width: 1216.53px; text-align: center;\"><strong><span style=\"color: #ffffff; font-size: 18pt;\">D\u00e9fi 2012 : Lancer une ONG<\/span><\/strong><\/td>\n<\/tr>\n<\/tbody>\n<\/table>\n<figure id=\"attachment_11450\" aria-describedby=\"caption-attachment-11450\" style=\"width: 300px\" class=\"wp-caption alignleft\"><a href=\"http:\/\/www.exploring-beyond.com\/wp-content\/uploads\/2017\/03\/ludo_twam.jpg\"><img loading=\"lazy\" decoding=\"async\" class=\"size-medium wp-image-11450\" src=\"http:\/\/www.exploring-beyond.com\/wp-content\/uploads\/2017\/03\/ludo_twam-300x199.jpg\" alt=\"\" width=\"300\" height=\"199\" srcset=\"https:\/\/exploring-beyond.com\/wp-content\/uploads\/2017\/03\/ludo_twam-300x200.jpg 300w, https:\/\/exploring-beyond.com\/wp-content\/uploads\/2017\/03\/ludo_twam-600x397.jpg 600w, https:\/\/exploring-beyond.com\/wp-content\/uploads\/2017\/03\/ludo_twam-768x508.jpg 768w, https:\/\/exploring-beyond.com\/wp-content\/uploads\/2017\/03\/ludo_twam-1024x678.jpg 1024w, https:\/\/exploring-beyond.com\/wp-content\/uploads\/2017\/03\/ludo_twam-414x276.jpg 414w, https:\/\/exploring-beyond.com\/wp-content\/uploads\/2017\/03\/ludo_twam-470x313.jpg 470w, https:\/\/exploring-beyond.com\/wp-content\/uploads\/2017\/03\/ludo_twam-640x426.jpg 640w, https:\/\/exploring-beyond.com\/wp-content\/uploads\/2017\/03\/ludo_twam-130x86.jpg 130w, https:\/\/exploring-beyond.com\/wp-content\/uploads\/2017\/03\/ludo_twam-187x124.jpg 187w, https:\/\/exploring-beyond.com\/wp-content\/uploads\/2017\/03\/ludo_twam-990x655.jpg 990w, https:\/\/exploring-beyond.com\/wp-content\/uploads\/2017\/03\/ludo_twam.jpg 1280w\" sizes=\"auto, (max-width: 300px) 100vw, 300px\" \/><\/a><figcaption id=\"caption-attachment-11450\" class=\"wp-caption-text\">Cr\u00e9ation de TWAM<\/figcaption><\/figure>\n<p style=\"text-align: justify;\">Un tour du monde change un homme et ce tour du monde m\u2019a beaucoup fait \u00e9voluer et r\u00e9fl\u00e9chir. Je m\u2019\u00e9tais promis pendant ce tour de lancer une ONG par la suite. Cela est \u00e0 pr\u00e9sent chose faite avec Travel With A Mission. Plus de d\u00e9tails <a href=\"http:\/\/www.travelwithamission.org\">ici<\/a>.<\/p>\n<p style=\"text-align: justify;\">[mks_separator style=\u00a0\u00bbsolid\u00a0\u00bb height=\u00a0\u00bb0&Prime;]<\/p>\n<div style=\"text-align: justify;\"><\/div>\n<div style=\"text-align: justify;\"><\/div>\n<table style=\"height: 40px; background-color: #62627a; border-color: #000000;\" width=\"1222\">\n<tbody>\n<tr style=\"height: 0.833374px;\">\n<td style=\"width: 1211.53px; height: 0.833374px;\">\n<h2 style=\"text-align: center;\"><span style=\"color: #ffffff; font-size: 18pt;\"><strong>D\u00e9fi 2009 : L\u2019\u00e9criture d\u2019un livre pour r\u00e9sumer le tour du monde en stop<\/strong><\/span><\/h2>\n<\/td>\n<\/tr>\n<\/tbody>\n<\/table>\n<figure id=\"attachment_11453\" aria-describedby=\"caption-attachment-11453\" style=\"width: 300px\" class=\"wp-caption alignleft\"><a href=\"http:\/\/www.exploring-beyond.com\/wp-content\/uploads\/2017\/03\/dedicaceauchan-600x300.jpg\"><img loading=\"lazy\" decoding=\"async\" class=\"size-medium wp-image-11453\" src=\"http:\/\/www.exploring-beyond.com\/wp-content\/uploads\/2017\/03\/dedicaceauchan-600x300-300x150.jpg\" alt=\"\" width=\"300\" height=\"150\" srcset=\"https:\/\/exploring-beyond.com\/wp-content\/uploads\/2017\/03\/dedicaceauchan-600x300-300x150.jpg 300w, https:\/\/exploring-beyond.com\/wp-content\/uploads\/2017\/03\/dedicaceauchan-600x300.jpg 600w\" sizes=\"auto, (max-width: 300px) 100vw, 300px\" \/><\/a><figcaption id=\"caption-attachment-11453\" class=\"wp-caption-text\">S\u00e9ance de d\u00e9dicace<\/figcaption><\/figure>\n<p style=\"text-align: justify;\">N\u2019\u00e9tant pas un \u00e9crivain n\u00e9, cela fut un r\u00e9el d\u00e9fi pour moi, je suis ravi de l\u2019avoir relever. Plus de d\u00e9tails <a href=\"http:\/\/www.exploring-beyond.com\/defis\/defi-2009-ecriture-dun-livre\/\">ici<\/a>.<\/p>\n<p style=\"text-align: justify;\">[mks_separator style=\u00a0\u00bbsolid\u00a0\u00bb height=\u00a0\u00bb0&Prime;]<\/p>\n<div style=\"text-align: justify;\"><\/div>\n<div style=\"text-align: justify;\"><\/div>\n<div style=\"text-align: justify;\"><\/div>\n<div style=\"text-align: justify;\"><\/div>\n<div style=\"text-align: justify;\"><\/div>\n<div style=\"text-align: justify;\"><\/div>\n<div style=\"text-align: justify;\"><\/div>\n<table style=\"height: 44px; background-color: #62627a; border-color: #000000;\" width=\"1220\">\n<tbody>\n<tr>\n<td style=\"width: 1209.53px; text-align: center;\"><span style=\"font-size: 18pt; color: #ffffff;\"><strong>D\u00e9fi 2003-2008 : Tour du monde en stop<\/strong><\/span><\/td>\n<\/tr>\n<\/tbody>\n<\/table>\n<figure id=\"attachment_7806\" aria-describedby=\"caption-attachment-7806\" style=\"width: 300px\" class=\"wp-caption alignleft\"><a href=\"http:\/\/www.exploring-beyond.com\/wp-content\/uploads\/2017\/02\/Ensituation.jpg\"><img loading=\"lazy\" decoding=\"async\" class=\"size-medium wp-image-7806\" src=\"http:\/\/www.exploring-beyond.com\/wp-content\/uploads\/2017\/02\/Ensituation-300x197.jpg\" alt=\"\" width=\"300\" height=\"197\" srcset=\"https:\/\/exploring-beyond.com\/wp-content\/uploads\/2017\/02\/Ensituation-300x197.jpg 300w, https:\/\/exploring-beyond.com\/wp-content\/uploads\/2017\/02\/Ensituation-768x504.jpg 768w, https:\/\/exploring-beyond.com\/wp-content\/uploads\/2017\/02\/Ensituation-1024x672.jpg 1024w, https:\/\/exploring-beyond.com\/wp-content\/uploads\/2017\/02\/Ensituation-1134x742.jpg 1134w, https:\/\/exploring-beyond.com\/wp-content\/uploads\/2017\/02\/Ensituation-130x86.jpg 130w, https:\/\/exploring-beyond.com\/wp-content\/uploads\/2017\/02\/Ensituation-187x124.jpg 187w, https:\/\/exploring-beyond.com\/wp-content\/uploads\/2017\/02\/Ensituation-990x650.jpg 990w, https:\/\/exploring-beyond.com\/wp-content\/uploads\/2017\/02\/Ensituation.jpg 400w\" sizes=\"auto, (max-width: 300px) 100vw, 300px\" \/><\/a><figcaption id=\"caption-attachment-7806\" class=\"wp-caption-text\">Auto-stop au Br\u00e9sil<\/figcaption><\/figure>\n<p style=\"text-align: justify;\">Un tour du monde sans d\u00e9penser un centime de transport en utilisant le stop sous toutes ses formes pour me d\u00e9placer. 170.000 kms \u00e0 travers 59 pays gr\u00e2ce \u00e0 l\u2019aide de 1300 conducteurs. Un d\u00e9fi majeur et fabuleux ! Plus de d\u00e9tails <a href=\"http:\/\/www.exploring-beyond.com\/defis\/defi-2003-2008-le-tour-du-monde-en-stop\/\">ici<\/a>.<\/p>\n<p style=\"text-align: justify;\">[mks_separator style=\u00a0\u00bbsolid\u00a0\u00bb height=\u00a0\u00bb0&Prime;]<\/p>\n","protected":false},"excerpt":{"rendered":"<p>J\u2019aime me fixer des d\u00e9fis. Ils me permettent g\u00e9n\u00e9ralement de donner le meilleur de moi-m\u00eame et parfois d\u2019aboutir \u00e0 des r\u00e9sultats dont je ne me sentais pas capable. Mon go\u00fbt pour les challenges est probablement n\u00e9 dans mon enfance lorsque mon p\u00e8re nous soumettait sans cesse toutes sortes de d\u00e9fis nous poussant \u00e0 sortir de [&hellip;]<\/p>\n","protected":false},"author":1,"featured_media":13517,"parent":0,"menu_order":0,"comment_status":"open","ping_status":"closed","template":"","meta":{"footnotes":""},"class_list":["post-4145","page","type-page","status-publish","has-post-thumbnail","hentry"],"_links":{"self":[{"href":"https:\/\/exploring-beyond.com\/index.php?rest_route=\/wp\/v2\/pages\/4145","targetHints":{"allow":["GET"]}}],"collection":[{"href":"https:\/\/exploring-beyond.com\/index.php?rest_route=\/wp\/v2\/pages"}],"about":[{"href":"https:\/\/exploring-beyond.com\/index.php?rest_route=\/wp\/v2\/types\/page"}],"author":[{"embeddable":true,"href":"https:\/\/exploring-beyond.com\/index.php?rest_route=\/wp\/v2\/users\/1"}],"replies":[{"embeddable":true,"href":"https:\/\/exploring-beyond.com\/index.php?rest_route=%2Fwp%2Fv2%2Fcomments&post=4145"}],"version-history":[{"count":37,"href":"https:\/\/exploring-beyond.com\/index.php?rest_route=\/wp\/v2\/pages\/4145\/revisions"}],"predecessor-version":[{"id":14974,"href":"https:\/\/exploring-beyond.com\/index.php?rest_route=\/wp\/v2\/pages\/4145\/revisions\/14974"}],"wp:featuredmedia":[{"embeddable":true,"href":"https:\/\/exploring-beyond.com\/index.php?rest_route=\/wp\/v2\/media\/13517"}],"wp:attachment":[{"href":"https:\/\/exploring-beyond.com\/index.php?rest_route=%2Fwp%2Fv2%2Fmedia&parent=4145"}],"curies":[{"name":"wp","href":"https:\/\/api.w.org\/{rel}","templated":true}]}}