{"id":30,"date":"2015-03-09T14:28:22","date_gmt":"2015-03-09T13:28:22","guid":{"rendered":"http:\/\/themes.muffingroup.com\/be\/travel\/?page_id=30"},"modified":"2019-04-28T14:51:42","modified_gmt":"2019-04-28T12:51:42","slug":"aproposexploringbeyond","status":"publish","type":"page","link":"https:\/\/exploring-beyond.com\/?page_id=30","title":{"rendered":"A propos d&rsquo;Exploring Beyond"},"content":{"rendered":"<p style=\"text-align: justify;\">Le blog <em>Exploring Beyond<\/em> est le blog de Ludovic Hubler qui explore au-del\u00e0 :<\/p>\n<ul>\n<li style=\"text-align: justify;\"><strong>De son environnement (exploration g\u00e9ographique\/voyages)<\/strong> : Le voyage est sa passion.\u00a0Le partage son moteur. Ludovic encourage le monde \u00e0 d\u00e9couvrir ce qui se passe ailleurs et partage ici ses d\u00e9couvertes et rencontres. Plus de d\u00e9tails ici.<\/li>\n<li style=\"text-align: justify;\"><strong>De sa zone de confort (d\u00e9fi)<\/strong> : R\u00e9aliser ses r\u00eaves et d\u00e9fis, aller au bout de ses id\u00e9es et forces, se d\u00e9velopper personnellement. Autant de notions qui sont ch\u00e8res \u00e0 Ludovic. Plus de d\u00e9tails ici.<\/li>\n<li style=\"text-align: justify;\"><strong>De lui-m\u00eame (engagement)<\/strong> : Un tour du monde change un homme et nul doute que le tour du monde en stop que Ludovic a r\u00e9alis\u00e9 entre 2003 et 2008 l&rsquo;a profond\u00e9ment chang\u00e9. Il l&rsquo;a notamment plus ouvert vers les autres, ce qu&rsquo;il encourage aussi via ce blog et ses conf\u00e9rences.<\/li>\n<\/ul>\n<p style=\"text-align: justify;\">Vous retrouverez par cons\u00e9quent ici diff\u00e9rents types d&rsquo;articles, li\u00e9s parfois au d\u00e9veloppement personnel, parfois \u00e0 l&rsquo;\u00e9tat du monde, parfois au monde du d\u00e9veloppement et de la paix, parfois \u00e0 ses d\u00e9couvertes en voyage ou tout simplement parfois \u00e0 ses actualit\u00e9s (conf\u00e9rences, d\u00e9dicaces, etc.). Vaste programme !<\/p>\n","protected":false},"excerpt":{"rendered":"<p>Le blog Exploring Beyond est le blog de Ludovic Hubler qui explore au-del\u00e0 : De son environnement (exploration g\u00e9ographique\/voyages) : Le voyage est sa passion.\u00a0Le partage son moteur. Ludovic encourage le monde \u00e0 d\u00e9couvrir ce qui se passe ailleurs et partage ici ses d\u00e9couvertes et rencontres. Plus de d\u00e9tails ici. De sa zone de confort [&hellip;]<\/p>\n","protected":false},"author":1,"featured_media":11484,"parent":6054,"menu_order":0,"comment_status":"open","ping_status":"closed","template":"","meta":{"footnotes":""},"class_list":["post-30","page","type-page","status-publish","has-post-thumbnail","hentry"],"_links":{"self":[{"href":"https:\/\/exploring-beyond.com\/index.php?rest_route=\/wp\/v2\/pages\/30","targetHints":{"allow":["GET"]}}],"collection":[{"href":"https:\/\/exploring-beyond.com\/index.php?rest_route=\/wp\/v2\/pages"}],"about":[{"href":"https:\/\/exploring-beyond.com\/index.php?rest_route=\/wp\/v2\/types\/page"}],"author":[{"embeddable":true,"href":"https:\/\/exploring-beyond.com\/index.php?rest_route=\/wp\/v2\/users\/1"}],"replies":[{"embeddable":true,"href":"https:\/\/exploring-beyond.com\/index.php?rest_route=%2Fwp%2Fv2%2Fcomments&post=30"}],"version-history":[{"count":9,"href":"https:\/\/exploring-beyond.com\/index.php?rest_route=\/wp\/v2\/pages\/30\/revisions"}],"predecessor-version":[{"id":13481,"href":"https:\/\/exploring-beyond.com\/index.php?rest_route=\/wp\/v2\/pages\/30\/revisions\/13481"}],"up":[{"embeddable":true,"href":"https:\/\/exploring-beyond.com\/index.php?rest_route=\/wp\/v2\/pages\/6054"}],"wp:featuredmedia":[{"embeddable":true,"href":"https:\/\/exploring-beyond.com\/index.php?rest_route=\/wp\/v2\/media\/11484"}],"wp:attachment":[{"href":"https:\/\/exploring-beyond.com\/index.php?rest_route=%2Fwp%2Fv2%2Fmedia&parent=30"}],"curies":[{"name":"wp","href":"https:\/\/api.w.org\/{rel}","templated":true}]}}