{"id":1843,"date":"2011-06-20T14:11:13","date_gmt":"2011-06-20T12:11:13","guid":{"rendered":"http:\/\/lemondeenstop.com\/missions-humanitaires-2\/"},"modified":"2019-05-01T11:45:38","modified_gmt":"2019-05-01T09:45:38","slug":"missions-humanitaires","status":"publish","type":"page","link":"https:\/\/exploring-beyond.com\/?page_id=1843","title":{"rendered":"Missions humanitaires"},"content":{"rendered":"<p>\u00ab\u00a0<em>L&rsquo;\u00e9motion est la porte de la conscience<\/em>\u00ab\u00a0. Voir un enfant souffrir de la faim ou du froid \u00e0 la t\u00e9l\u00e9vision provoque une r\u00e9action bien diff\u00e9rente que lorsque l&rsquo;enfant est en face de soi.<\/p>\n<p><!--more--><\/p>\n<p style=\"text-align: justify;\">Si j&rsquo;\u00e9tais bien entendu conscient des difficiles r\u00e9alit\u00e9s du monde avant mon d\u00e9part, force est de constater que mon parcours et certaines rencontres m&rsquo;ont remu\u00e9 l&rsquo;esprit et forc\u00e9 \u00e0 l&rsquo;action ne serait-ce que pour quelques semaines. Ci-dessous, un r\u00e9sum\u00e9 des actions effectu\u00e9es pendant ce tour du monde au-del\u00e0 des <a title=\"conf\u00e9rences donn\u00e9es dans les \u00e9coles\" href=\"http:\/\/www.ludovichubler.com\/?page_id=1840\">conf\u00e9rences donn\u00e9es dans les \u00e9coles<\/a>, du <a title=\"projet p\u00e9dagogique\" href=\"http:\/\/www.ludovichubler.com\/?page_id=1839\">projet p\u00e9dagogique<\/a> et de l&rsquo;<a title=\"organisation des journ\u00e9es de rencontre entre ONG\" href=\"http:\/\/www.ludovichubler.com\/?page_id=1844\">organisation des journ\u00e9es de rencontre entre ONG<\/a> :<\/p>\n<h3 style=\"text-align: justify;\">1) Itamarandiba, Minas G\u00e9rais, Br\u00e9sil (mi-2003)<\/h3>\n<p style=\"text-align: justify;\">Itamarandiba est un petit village perdu au fin fond de l&rsquo;\u00e9tat du Minas G\u00e9rais au Br\u00e9sil. Nombre des habitants de ce village vivent de fa\u00e7on pr\u00e9caire et ne disposent ni d&rsquo;eau potable, ni d&rsquo;\u00e9lectricit\u00e9.<\/p>\n<p style=\"text-align: justify;\">Photo ci-dessous d&rsquo;une rue d&rsquo;Itamarandiba.<\/p>\n<p style=\"text-align: justify;\"><a class=\"jcepopup\" title=\"une rue d'Itamarandiba\" href=\"http:\/\/www.ludovichubler.com\/wp-content\/uploads\/itamarandiba.jpg\" target=\"_blank\" rel=\"noopener noreferrer\" data-mediabox=\"title[une rue d'Itamarandiba]\"><img loading=\"lazy\" decoding=\"async\" style=\"display: block; margin-left: auto; margin-right: auto;\" src=\"http:\/\/www.ludovichubler.com\/wp-content\/uploads\/itamarandiba.jpg\" alt=\"une rue d'Itamarandiba\" width=\"141\" height=\"150\" \/><\/a><\/p>\n<p style=\"text-align: justify;\">Cette mission de 3 mois fut men\u00e9e en collaboration avec le Rotary club de Strasbourg-Kl\u00e9ber et notamment M. Daniel Maitrot, gr\u00e2ce \u00e0 qui j&rsquo;ai pu rencontrer M. Sebastien Gusmao, neurochirurgien \u00e0 Belo-Horizonte qui m&rsquo;a facilit\u00e9 tous les contacts.<\/p>\n<p style=\"text-align: justify;\">Gr\u00e2ce \u00e0 son aide, j&rsquo;ai pu travailler sur les missions suivantes :<\/p>\n<p style=\"text-align: justify;\"><span style=\"font-size: 12pt;\"><strong>a) Challenge Banco Real :<\/strong><\/span><\/p>\n<p style=\"text-align: justify;\">Chaque ann\u00e9e, la principale banque Br\u00e9silienne organise un concours national destin\u00e9 \u00e0 aider les meilleurs projets de d\u00e9veloppement men\u00e9s \u00e0 travers le Br\u00e9sil.<\/p>\n<p style=\"text-align: justify;\">Afin de participer, une \u00e9quipe doit \u00eatre mise en place et un dossier complet (nature du projet, budget pr\u00e9visionnel, effets souhait\u00e9s sur la communaut\u00e9&#8230;) doit \u00eatre r\u00e9alis\u00e9 et envoy\u00e9 aux organisateurs du projet \u00e0 Sao Paulo.<\/p>\n<p style=\"text-align: justify;\">Ainsi, en ma qualit\u00e9 d&rsquo;ex-\u00e9tudiant d&rsquo;\u00e9cole de commerce et ayant eu par le pass\u00e9 l&rsquo;opportunit\u00e9 de travailler sur des projets plus ou moins similaires, je fus int\u00e9gr\u00e9 d\u00e8s le d\u00e9but du projet \u00e0 une \u00e9quipe de 6 personnes parmi lesquelles figuraient 2 \u00e9tudiantes Br\u00e9siliennes (voir photo ci-dessous).<\/p>\n<p style=\"text-align: justify;\"><a class=\"jcepopup\" title=\"Challenge Banco Real\" href=\"http:\/\/www.ludovichubler.com\/wp-content\/uploads\/projetbancoreal.jpg\" target=\"_blank\" rel=\"noopener noreferrer\" data-mediabox=\"title[Challenge Banco Real]\"><img loading=\"lazy\" decoding=\"async\" style=\"display: block; margin-left: auto; margin-right: auto;\" src=\"http:\/\/www.ludovichubler.com\/wp-content\/uploads\/projetbancoreal.jpg\" alt=\"Challenge Banco Real\" width=\"200\" height=\"150\" \/><\/a><\/p>\n<p style=\"text-align: justify;\">C&rsquo;est avec cette \u00e9quipe que le projet \u00ab SEMEAR \u00bb (Traduction SEMER en Portugais) destin\u00e9 \u00e0 am\u00e9liorer l&rsquo;\u00e9ducation donn\u00e9e aux enfants du village et des communes rurales environnantes fut d\u00e9velopp\u00e9.<\/p>\n<p style=\"text-align: justify;\">Une fois le dossier termin\u00e9, celui-ci fut envoy\u00e9 aux organisateurs du concours devant faire leur choix et attribuer les prix.<\/p>\n<p style=\"text-align: justify;\">A notre grande satisfaction, le projet \u00ab SEMEAR \u00bb fut retenu comme le vainqueur national et un ch\u00e8que de 80,000 R\u00e9ais (l&rsquo;\u00e9quivalent d&rsquo;environ 25,000 Euros !!!) fut attribu\u00e9 comme r\u00e9compense \u00e0 la pr\u00e9fecture d&rsquo;Itamarandiba afin de r\u00e9aliser les projets d\u00e9velopp\u00e9s dans le dossier (davantage de d\u00e9tails disponibles sur demande).<\/p>\n<p style=\"text-align: justify;\"><span style=\"font-size: 12pt;\"><strong>b) Cours de finance \u00e0 la pr\u00e9fecture et d&rsquo;informatique \u00e0 l&rsquo;h\u00f4pital<\/strong><\/span><\/p>\n<p style=\"text-align: justify;\">Afin de faire profiter la communaut\u00e9 de mes connaissances en mati\u00e8re de finance et d&rsquo;informatique acquises durant mes \u00e9tudes, des s\u00e9ances de formation furent mises en place \u00e0 la pr\u00e9fecture et \u00e0 l&rsquo;h\u00f4pital d&rsquo;Itamarandiba.<\/p>\n<p style=\"text-align: justify;\"><span style=\"font-size: 12pt;\"><strong>c) Organisation d&rsquo;\u00e9v\u00e9nements pour enfants de l&rsquo;\u00e9cole<\/strong><\/span><\/p>\n<p style=\"text-align: justify;\">Afin d&rsquo;am\u00e9liorer quelque peu le quotidien des enfants de la communaut\u00e9, des jeux olympiques et une coupe du monde de football furent organis\u00e9s durant mon passage dans la r\u00e9gion.<\/p>\n<p style=\"text-align: justify;\">Durant ce s\u00e9jour, j&rsquo;ai \u00e9galement eu l&rsquo;occasion \u00e0 plusieurs reprises de suivre des m\u00e9decins en fonction dans les endroits les plus recul\u00e9s et les plus pauvres ainsi que des membres de la pr\u00e9fecture menant divers projets de d\u00e9veloppement. Des exp\u00e9riences tr\u00e8s enrichissantes.<\/p>\n<h3 style=\"text-align: justify;\">2) Centre M\u00e8re Teresa, Calcutta, Inde (2007)<\/h3>\n<p style=\"text-align: justify;\">La mis\u00e8re existe dans bien des endroits \u00e0 travers le monde mais ce que j&rsquo;ai vu de pire pendant ce tour du monde fut sans doute \u00e0 Calcutta, la troisi\u00e8me plus grande ville d&rsquo;Inde.<\/p>\n<p style=\"text-align: justify;\">Photo ci-dessous d&rsquo;un rickshaw humain, Calcutta est l&rsquo;une des derni\u00e8res villes au monde \u00e0 avoir encore ces fameux \u00ab hommes-chevaux \u00bb<\/p>\n<p style=\"text-align: justify;\"><a class=\"jcepopup\" title=\"rickshaw humain\" href=\"http:\/\/www.ludovichubler.com\/wp-content\/uploads\/rickshawcalcutta.jpg\" target=\"_blank\" rel=\"noopener noreferrer\" data-mediabox=\"title[rickshaw humain]\"><img loading=\"lazy\" decoding=\"async\" style=\"display: block; margin-left: auto; margin-right: auto;\" src=\"http:\/\/www.ludovichubler.com\/wp-content\/uploads\/rickshawcalcutta.jpg\" alt=\"rickshaw humain\" width=\"200\" height=\"150\" \/><\/a><\/p>\n<p style=\"text-align: justify;\">Afin de venir en aide \u00e0 ceux qu&rsquo;elle consid\u00e8re comme \u00ab les plus pauvres d&rsquo;entre les plus pauvres \u00bb, M\u00e8re Teresa a \u00e9t\u00e9 \u00e0 l&rsquo;origine de la cr\u00e9ation de nombreux centres. Il en existe \u00e0 ce jour plus de 250 \u00e0 travers le monde.<\/p>\n<p style=\"text-align: justify;\">Calcutta est le centre n\u00e9vralgique de son action, c&rsquo;est l\u00e0 que tout a commenc\u00e9 et durant quelques semaines, je me suis inscrit en tant que volontaires pour donner un petit coup de main \u00e0 l&rsquo;action de ces s\u0153urs et volontaires faisant un travail fabuleux.<\/p>\n<p style=\"text-align: justify;\">Comme nombre d&rsquo;autres volontaires, mon travail ne consistait en r\u00e9alit\u00e9 qu&rsquo;\u00e0 apporter un peu de joie, d&rsquo;amour et de soutien aux personnes les plus faibles. Quelques photos ci-dessous :<\/p>\n<p style=\"text-align: justify;\">Premdam, l&rsquo;un des 7 centres M\u00e8re Teresa \u00e0 Calcutta. C&rsquo;est ici que s&rsquo;est d\u00e9roul\u00e9 l&rsquo;essentiel de ma mission :<\/p>\n<p style=\"text-align: justify;\"><a class=\"jcepopup\" title=\"Premdam, l'un des 7 centres M\u00e8re Teresa \u00e0 Calcutta\" href=\"http:\/\/www.ludovichubler.com\/wp-content\/uploads\/premdam.jpg\" target=\"_blank\" rel=\"noopener noreferrer\" data-mediabox=\"title[Premdam, l'un des 7 centres M\u00e8re Teresa \u00e0 Calcutta]\"><img loading=\"lazy\" decoding=\"async\" style=\"display: block; margin-left: auto; margin-right: auto;\" src=\"http:\/\/www.ludovichubler.com\/wp-content\/uploads\/premdam.jpg\" alt=\"Premdam, l'un des 7 centres M\u00e8re Teresa \u00e0 Calcutta\" width=\"200\" height=\"150\" \/><\/a><\/p>\n<p style=\"text-align: justify;\">Soutien aux plus faibles<\/p>\n<p style=\"text-align: justify;\"><a class=\"jcepopup\" title=\"Soutien aux plus faibles\" href=\"http:\/\/www.ludovichubler.com\/wp-content\/uploads\/aideludocalcutta.jpg\" target=\"_blank\" rel=\"noopener noreferrer\" data-mediabox=\"title[Soutien aux plus faibles]\"><img loading=\"lazy\" decoding=\"async\" style=\"display: block; margin-left: auto; margin-right: auto;\" src=\"http:\/\/www.ludovichubler.com\/wp-content\/uploads\/aideludocalcutta.jpg\" alt=\"Soutien aux plus faibles\" width=\"200\" height=\"80\" \/><\/a><\/p>\n<p style=\"text-align: justify;\">Dispensaire Daya Den, c&rsquo;est ici que sont dispens\u00e9s les premiers soins aux gens de la rue. Les images vues dans ce dispensaire ne me quitteront jamais&#8230;<\/p>\n<p><a class=\"jcepopup\" title=\"Dispensaire Daya Den\" href=\"http:\/\/www.ludovichubler.com\/wp-content\/uploads\/dispensairedayaden.jpg\" target=\"_blank\" rel=\"noopener noreferrer\" data-mediabox=\"title[Dispensaire Daya Den]\"><img loading=\"lazy\" decoding=\"async\" style=\"display: block; margin-left: auto; margin-right: auto;\" src=\"http:\/\/www.ludovichubler.com\/wp-content\/uploads\/dispensairedayaden.jpg\" alt=\"Dispensaire Daya Den\" width=\"200\" height=\"149\" \/><\/a><\/p>\n","protected":false},"excerpt":{"rendered":"<p>\u00ab\u00a0L&rsquo;\u00e9motion est la porte de la conscience\u00ab\u00a0. Voir un enfant souffrir de la faim ou du froid \u00e0 la t\u00e9l\u00e9vision provoque une r\u00e9action bien diff\u00e9rente que lorsque l&rsquo;enfant est en face de soi.<\/p>\n","protected":false},"author":1,"featured_media":7797,"parent":6141,"menu_order":0,"comment_status":"open","ping_status":"closed","template":"","meta":{"footnotes":""},"class_list":["post-1843","page","type-page","status-publish","has-post-thumbnail","hentry"],"_links":{"self":[{"href":"https:\/\/exploring-beyond.com\/index.php?rest_route=\/wp\/v2\/pages\/1843","targetHints":{"allow":["GET"]}}],"collection":[{"href":"https:\/\/exploring-beyond.com\/index.php?rest_route=\/wp\/v2\/pages"}],"about":[{"href":"https:\/\/exploring-beyond.com\/index.php?rest_route=\/wp\/v2\/types\/page"}],"author":[{"embeddable":true,"href":"https:\/\/exploring-beyond.com\/index.php?rest_route=\/wp\/v2\/users\/1"}],"replies":[{"embeddable":true,"href":"https:\/\/exploring-beyond.com\/index.php?rest_route=%2Fwp%2Fv2%2Fcomments&post=1843"}],"version-history":[{"count":4,"href":"https:\/\/exploring-beyond.com\/index.php?rest_route=\/wp\/v2\/pages\/1843\/revisions"}],"predecessor-version":[{"id":16121,"href":"https:\/\/exploring-beyond.com\/index.php?rest_route=\/wp\/v2\/pages\/1843\/revisions\/16121"}],"up":[{"embeddable":true,"href":"https:\/\/exploring-beyond.com\/index.php?rest_route=\/wp\/v2\/pages\/6141"}],"wp:featuredmedia":[{"embeddable":true,"href":"https:\/\/exploring-beyond.com\/index.php?rest_route=\/wp\/v2\/media\/7797"}],"wp:attachment":[{"href":"https:\/\/exploring-beyond.com\/index.php?rest_route=%2Fwp%2Fv2%2Fmedia&parent=1843"}],"curies":[{"name":"wp","href":"https:\/\/api.w.org\/{rel}","templated":true}]}}