{"id":1841,"date":"2011-06-20T14:10:24","date_gmt":"2011-06-20T12:10:24","guid":{"rendered":"http:\/\/lemondeenstop.com\/partage-3-medias-2\/"},"modified":"2019-05-01T11:59:18","modified_gmt":"2019-05-01T09:59:18","slug":"partage3medias","status":"publish","type":"page","link":"https:\/\/exploring-beyond.com\/?page_id=1841","title":{"rendered":"Partage 3 &#8211; m\u00e9dias"},"content":{"rendered":"<h4 style=\"text-align: center;\">Le voyage \u00e9tait mon r\u00eave, le partage mon moteur.<\/h4>\n<h4 style=\"text-align: center;\">Durant la totalit\u00e9 de mon parcours, j&rsquo;ai cherch\u00e9 \u00e0 partager les enseignements de mon voyage de diff\u00e9rentes mani\u00e8res.<\/h4>\n<h3>Partie 3 : M\u00e9dias<\/h3>\n<p><!--more--><\/p>\n<p><span style=\"font-size: 12pt;\"><strong>Historique<\/strong><\/span><\/p>\n<p style=\"text-align: justify;\">C&rsquo;\u00e9tait le 13 octobre 2003. Apr\u00e8s avoir rencontr\u00e9 un journaliste \u00e0 Sao Paulo souhaitant couvrir mon parcours, je re\u00e7ois l&#8217;email suivant d&rsquo;un producteur de TV Globo, premi\u00e8re cha\u00eene br\u00e9silienne :<\/p>\n<p style=\"text-align: justify;\"><em>\u00ab Bonjour Ludovic, [&#8230; ] Nous avons trouv\u00e9 votre parcours tr\u00e8s original et sommes int\u00e9ress\u00e9s par les valeurs du stop que vous cherchez \u00e0 v\u00e9hiculer. Cela vous dirait de venir le pr\u00e9senter dans l&rsquo;\u00e9mission quotidienne de J\u00f4 Soares ? Nous vous donnerons 20 minutes et l&rsquo;\u00e9mission se fera int\u00e9gralement en portugais. [&#8230;] L&rsquo;\u00e9mission sera retransmise \u00e0 travers le Br\u00e9sil. [&#8230;] Nous avons une moyenne de 5 millions de t\u00e9l\u00e9spectateurs chaque soir \u00bb.<\/em><\/p>\n<p style=\"text-align: justify;\">Je ne suis jamais pass\u00e9 \u00e0 la t\u00e9l\u00e9vision auparavant et faire mes premiers pas sur le petit \u00e9cran devant cinq millions de t\u00e9l\u00e9spectateurs, de surcro\u00eet en portugais, une langue dont je ne parlais pas un mot cinq mois auparavant, ressemble \u00e0 un d\u00e9fi de taille. Je rel\u00e8ve le gant, l&rsquo;opportunit\u00e9 de partager mon parcours est unique. La date du 13 octobre 2003 est arr\u00eat\u00e9e. Il me faut remonter \u00e0 Sao Paulo o\u00f9 m&rsquo;attend une nuit d&rsquo;h\u00f4tel pay\u00e9e par la cha\u00eene ; la premi\u00e8re depuis le d\u00e9part. A 20h35 pr\u00e9cises, j&rsquo;entre sur le plateau comme dans une ar\u00e8ne avec une immense boule dans le ventre. Je me demande si les t\u00e9l\u00e9spectateurs vont seulement comprendre ce que je vais leur raconter.<\/p>\n<p style=\"text-align: justify;\">Bient\u00f4t pourtant, l&rsquo;angoisse c\u00e8de la place \u00e0 l&rsquo;humour. L&rsquo;\u00e9mission toute enti\u00e8re se d\u00e9roule dans un fou rire permanent. J\u00f4 Soares, grand humoriste reconnu dans le pays, accumule les blagues sur l&rsquo;auto-stop, activit\u00e9 se pr\u00eatant bien \u00e0 toutes sortes de plaisanteries. Il \u00e9clate de rire lorsque je lui fais savoir que la voiture qui m&rsquo;a amen\u00e9 jusqu&rsquo;\u00e0 Sao Paulo \u00e9tait un corbillard (vide). Encore davantage lorsque je lui parle de ma position de psychologue-m\u00e9diateur avec le \u00ab couple fou \u00bb des Canaries. Mon d\u00e9fi l&rsquo;impressionne. Le concept du bateau-stop l&rsquo;intrigue. Le c\u00f4t\u00e9 p\u00e9dagogique de la d\u00e9marche l&rsquo;int\u00e9resse. Je ne comprends pas toutes ses histoires mais parviens tout de m\u00eame \u00e0 faire \u00e0 peu pr\u00e8s bonne figure, habitu\u00e9 \u00e0 rire aux blagues que je ne comprends pas dans les voitures. Chaque anecdote est comment\u00e9e puis transform\u00e9e, sous les rires du public qui ne se soucient plus, ni de mon accent prononc\u00e9, ni des signaux \u00ab RIRE \u00bb ou \u00ab APPLAUDIR \u00bb leur indiquant l&rsquo;attitude \u00e0 adopter. L&rsquo;\u00e9mission se termine sur une derni\u00e8re plaisanterie. L&rsquo;adr\u00e9naline peut redescendre. Premi\u00e8re r\u00e9ussie.<\/p>\n<p style=\"text-align: justify;\">Le lendemain, ma bo\u00eete mail est pleine de messages enthousiastes : <em>\u00ab Ton aventure m&rsquo;a inspir\u00e9. Si toi, tu peux faire un tour du monde en stop, moi je dois \u00eatre capable de mener mon projet \u00e0 bien \u00bb ou encore \u00ab Bonne id\u00e9e de voyager en stop, demain j&rsquo;essaie \u00bb<\/em>. Content de voir que je peux jouer le r\u00f4le de d\u00e9tonateur, comme d&rsquo;autres voyageurs l&rsquo;ont fait avant moi, et d&rsquo;aider \u00e0 faire \u00e9voluer l&rsquo;image de l&rsquo;auto-stop, je d\u00e9cide de m\u00e9diatiser mon aventure en contactant les journaux, radios et t\u00e9l\u00e9visions \u00e0 chaque \u00e9tape.<\/p>\n<p style=\"text-align: justify;\">J&rsquo;ai envie de montrer qu&rsquo;il est possible de voyager, de d\u00e9couvrir le vaste monde, sans d\u00e9penser des fortunes, ni avoir un impact n\u00e9gatif sur l&rsquo;environnement, tout en rencontrant de nombreuses personnes et sans pour autant se faire agresser. Je m&rsquo;aper\u00e7ois vite, aussi, qu&rsquo;exhiber des articles de presse aide \u00e0 trouver des v\u00e9hicules, voire se sortir de situations d\u00e9licates avec les autorit\u00e9s, policiers, douaniers, officiels d&rsquo;immigration. Afin de m&rsquo;aider dans ma d\u00e9marche, je r\u00e9alise un <a title=\"dossier de presse\" href=\"http:\/\/dev.ludovichubler.com\/?page_id=1842\">dossier de presse<\/a> reprenant les id\u00e9es fortes de mon tour du monde.<\/p>\n<p style=\"text-align: justify;\">Photo ci-dessous avec J\u00f4 Soares au Br\u00e9sil lors du partage de mon aventure dans son Talk-show au Br\u00e9sil.<\/p>\n<p style=\"text-align: justify;\"><a class=\"jcepopup\" title=\"avec J\u00f4 Soares au Br\u00e9sil lors du partage de mon aventure dans son Talk-show au Br\u00e9sil\" href=\"http:\/\/www.ludovichubler.com\/wp-content\/uploads\/avecjo.jpg\" target=\"_blank\" rel=\"noopener noreferrer\" data-mediabox=\"title[avec J\u00f4 Soares au Br\u00e9sil lors du partage de mon aventure dans son Talk-show au Br\u00e9sil]\"><img loading=\"lazy\" decoding=\"async\" style=\"display: block; margin-left: auto; margin-right: auto;\" src=\"http:\/\/www.ludovichubler.com\/wp-content\/uploads\/avecjo.jpg\" alt=\"avec J\u00f4 Soares au Br\u00e9sil lors du partage de mon aventure dans son Talk-show au Br\u00e9sil\" width=\"200\" height=\"135\" \/><\/a><\/p>\n<p style=\"text-align: justify;\">Ici, lors d&rsquo;une petite conf\u00e9rence de presse au Tadjikistan :<\/p>\n<p style=\"text-align: justify;\"><a href=\"http:\/\/www.exploring-beyond.com\/wp-content\/uploads\/2017\/02\/pressconference.jpg\"><img loading=\"lazy\" decoding=\"async\" class=\"size-medium wp-image-9611 aligncenter\" src=\"http:\/\/www.exploring-beyond.com\/wp-content\/uploads\/2017\/02\/pressconference-300x225.jpg\" alt=\"\" width=\"300\" height=\"225\" srcset=\"https:\/\/exploring-beyond.com\/wp-content\/uploads\/2017\/02\/pressconference-300x225.jpg 300w, https:\/\/exploring-beyond.com\/wp-content\/uploads\/2017\/02\/pressconference-600x450.jpg 600w, https:\/\/exploring-beyond.com\/wp-content\/uploads\/2017\/02\/pressconference.jpg 768w, https:\/\/exploring-beyond.com\/wp-content\/uploads\/2017\/02\/pressconference-74x55.jpg 74w, https:\/\/exploring-beyond.com\/wp-content\/uploads\/2017\/02\/pressconference-111x83.jpg 111w, https:\/\/exploring-beyond.com\/wp-content\/uploads\/2017\/02\/pressconference-215x161.jpg 215w\" sizes=\"auto, (max-width: 300px) 100vw, 300px\" \/><\/a><\/p>\n<p style=\"text-align: justify;\">Retrouvez certains des moments m\u00e9dias les plus marquants en cliquant <a href=\"http:\/\/www.ludovichubler.com\/home-6\/biographie-ludovic-hubler\/medias\/\">ici<\/a>.<\/p>\n<p>&nbsp;<\/p>\n","protected":false},"excerpt":{"rendered":"<p>Le voyage \u00e9tait mon r\u00eave, le partage mon moteur. Durant la totalit\u00e9 de mon parcours, j&rsquo;ai cherch\u00e9 \u00e0 partager les enseignements de mon voyage de diff\u00e9rentes mani\u00e8res. Partie 3 : M\u00e9dias<\/p>\n","protected":false},"author":1,"featured_media":11891,"parent":6141,"menu_order":3,"comment_status":"open","ping_status":"closed","template":"","meta":{"footnotes":""},"class_list":["post-1841","page","type-page","status-publish","has-post-thumbnail","hentry"],"_links":{"self":[{"href":"https:\/\/exploring-beyond.com\/index.php?rest_route=\/wp\/v2\/pages\/1841","targetHints":{"allow":["GET"]}}],"collection":[{"href":"https:\/\/exploring-beyond.com\/index.php?rest_route=\/wp\/v2\/pages"}],"about":[{"href":"https:\/\/exploring-beyond.com\/index.php?rest_route=\/wp\/v2\/types\/page"}],"author":[{"embeddable":true,"href":"https:\/\/exploring-beyond.com\/index.php?rest_route=\/wp\/v2\/users\/1"}],"replies":[{"embeddable":true,"href":"https:\/\/exploring-beyond.com\/index.php?rest_route=%2Fwp%2Fv2%2Fcomments&post=1841"}],"version-history":[{"count":7,"href":"https:\/\/exploring-beyond.com\/index.php?rest_route=\/wp\/v2\/pages\/1841\/revisions"}],"predecessor-version":[{"id":16125,"href":"https:\/\/exploring-beyond.com\/index.php?rest_route=\/wp\/v2\/pages\/1841\/revisions\/16125"}],"up":[{"embeddable":true,"href":"https:\/\/exploring-beyond.com\/index.php?rest_route=\/wp\/v2\/pages\/6141"}],"wp:featuredmedia":[{"embeddable":true,"href":"https:\/\/exploring-beyond.com\/index.php?rest_route=\/wp\/v2\/media\/11891"}],"wp:attachment":[{"href":"https:\/\/exploring-beyond.com\/index.php?rest_route=%2Fwp%2Fv2%2Fmedia&parent=1841"}],"curies":[{"name":"wp","href":"https:\/\/api.w.org\/{rel}","templated":true}]}}