{"id":1837,"date":"2011-06-20T14:09:09","date_gmt":"2011-06-20T12:09:09","guid":{"rendered":"http:\/\/lemondeenstop.com\/chiffres-cles-2\/"},"modified":"2019-05-01T01:56:11","modified_gmt":"2019-04-30T23:56:11","slug":"chiffres-cles","status":"publish","type":"page","link":"https:\/\/exploring-beyond.com\/?page_id=1837","title":{"rendered":"Chiffres cl\u00e9s"},"content":{"rendered":"<p><strong>6<\/strong> &#8211; Nombre de continents travers\u00e9s<br \/>\n<strong>59<\/strong> &#8211; Nombre de pays travers\u00e9s<br \/>\n<strong>170.000<\/strong> &#8211; Nombre de kilom\u00e8tres parcourus<br \/>\n<strong>1.300<\/strong> &#8211; Nombre de conducteurs l\u2019ayant pris en stop pendant ces 5 ann\u00e9es.<br \/>\n<strong>10.000<\/strong> &#8211; Estimation du nombre d\u2019heures d\u2019attente dans les stations essence ou au bord des routes.<br \/>\n<strong>28<\/strong> &#8211; Nombre d\u2019heures maximum d\u2019attente dans une station essence avant de se faire prendre en stop.<br \/>\n<strong>25<\/strong> &#8211; Estimation du nombre de secondes minimum attendues pour que quelqu&rsquo;un le prenne en stop (1ere voiture \u00e0 Tarragone en Espagne).<br \/>\n<strong>5 jours 1\/2<\/strong> &#8211; Nombre de jours maximum pass\u00e9s dans une seule voiture (travers\u00e9e d&rsquo;une partie du Sahara).<br \/>\n<strong>1.700<\/strong> &#8211; Nombre de kilom\u00e8tres maximum parcourus avec une voiture (entre Florian\u00f3polis au Br\u00e9sil et Buenos Aires en Argentine).<br \/>\n<strong>20.000<\/strong> &#8211; Estimation du nombre de personnes ayant refus\u00e9 de le prendre en stop dans les stations essence (pour toutes sortes de raisons).<br \/>\n<strong>10<\/strong> &#8211; Nombre de bateaux utilis\u00e9s pour mener \u00e0 bien son d\u00e9fi.<br \/>\n<strong>23.000<\/strong> &#8211; Nombre de photos prises.<br \/>\n<strong>25.000<\/strong> &#8211; Co\u00fbt total du tour du monde en stop en Euros.<br \/>\n<strong>10<\/strong> &#8211; Budget de vie quotidien moyen en dollars Am\u00e9ricains.<br \/>\n<strong>350<\/strong> &#8211; Nombre de conf\u00e9rences donn\u00e9es dans des \u00e9coles, universit\u00e9s, Rotary clubs et alliances Fran\u00e7aises.<br \/>\n<strong>0<\/strong> &#8211; Nombre d\u2019agressions. Oui, il est tout \u00e0 fait possible de voyager autour du monde sans se faire agresser.<br \/>\n<strong>1<\/strong> &#8211; Plan\u00e8te, elle est superbe, pr\u00e9servons-l\u00e0 !!!<\/p>\n<p>&nbsp;<\/p>\n","protected":false},"excerpt":{"rendered":"<p>6 &#8211; Nombre de continents travers\u00e9s 59 &#8211; Nombre de pays travers\u00e9s 170.000 &#8211; Nombre de kilom\u00e8tres parcourus 1.300 &#8211; Nombre de conducteurs l\u2019ayant pris en stop pendant ces 5 ann\u00e9es. 10.000 &#8211; Estimation du nombre d\u2019heures d\u2019attente dans les stations essence ou au bord des routes. 28 &#8211; Nombre d\u2019heures maximum d\u2019attente dans une [&hellip;]<\/p>\n","protected":false},"author":1,"featured_media":10483,"parent":6141,"menu_order":0,"comment_status":"open","ping_status":"closed","template":"","meta":{"footnotes":""},"class_list":["post-1837","page","type-page","status-publish","has-post-thumbnail","hentry"],"_links":{"self":[{"href":"https:\/\/exploring-beyond.com\/index.php?rest_route=\/wp\/v2\/pages\/1837","targetHints":{"allow":["GET"]}}],"collection":[{"href":"https:\/\/exploring-beyond.com\/index.php?rest_route=\/wp\/v2\/pages"}],"about":[{"href":"https:\/\/exploring-beyond.com\/index.php?rest_route=\/wp\/v2\/types\/page"}],"author":[{"embeddable":true,"href":"https:\/\/exploring-beyond.com\/index.php?rest_route=\/wp\/v2\/users\/1"}],"replies":[{"embeddable":true,"href":"https:\/\/exploring-beyond.com\/index.php?rest_route=%2Fwp%2Fv2%2Fcomments&post=1837"}],"version-history":[{"count":4,"href":"https:\/\/exploring-beyond.com\/index.php?rest_route=\/wp\/v2\/pages\/1837\/revisions"}],"predecessor-version":[{"id":13488,"href":"https:\/\/exploring-beyond.com\/index.php?rest_route=\/wp\/v2\/pages\/1837\/revisions\/13488"}],"up":[{"embeddable":true,"href":"https:\/\/exploring-beyond.com\/index.php?rest_route=\/wp\/v2\/pages\/6141"}],"wp:featuredmedia":[{"embeddable":true,"href":"https:\/\/exploring-beyond.com\/index.php?rest_route=\/wp\/v2\/media\/10483"}],"wp:attachment":[{"href":"https:\/\/exploring-beyond.com\/index.php?rest_route=%2Fwp%2Fv2%2Fmedia&parent=1837"}],"curies":[{"name":"wp","href":"https:\/\/api.w.org\/{rel}","templated":true}]}}