{"id":12242,"date":"2017-03-27T22:24:40","date_gmt":"2017-03-27T20:24:40","guid":{"rendered":"http:\/\/www.exploring-beyond.com\/?page_id=12242"},"modified":"2025-05-04T22:54:22","modified_gmt":"2025-05-04T20:54:22","slug":"aventurier","status":"publish","type":"page","link":"https:\/\/exploring-beyond.com\/?page_id=12242","title":{"rendered":"Aventurier-voyageur"},"content":{"rendered":"<div class=\"wpb_column vc_column_container vc_col-sm-9\">\n<div class=\"wpb_wrapper\">\n<div class=\"wpb_text_column wpb_content_element \">\n<div class=\"wpb_wrapper\">\n<p><strong>Le voyage et la r\u00e9alisation de d\u00e9fis ambitieux font partie de l\u2019ADN de Ludovic. <\/strong><\/p>\n<figure id=\"attachment_11233\" aria-describedby=\"caption-attachment-11233\" style=\"width: 200px\" class=\"wp-caption alignleft\"><a href=\"http:\/\/www.exploring-beyond.com\/wp-content\/uploads\/2017\/02\/ensituationmaroc-1.jpg\"><img loading=\"lazy\" decoding=\"async\" class=\"size-medium wp-image-11233\" src=\"http:\/\/www.exploring-beyond.com\/wp-content\/uploads\/2017\/02\/ensituationmaroc-1-200x300.jpg\" alt=\"\" width=\"200\" height=\"300\" srcset=\"https:\/\/exploring-beyond.com\/wp-content\/uploads\/2017\/02\/ensituationmaroc-1-200x300.jpg 200w, https:\/\/exploring-beyond.com\/wp-content\/uploads\/2017\/02\/ensituationmaroc-1-600x900.jpg 600w, https:\/\/exploring-beyond.com\/wp-content\/uploads\/2017\/02\/ensituationmaroc-1-683x1024.jpg 683w, https:\/\/exploring-beyond.com\/wp-content\/uploads\/2017\/02\/ensituationmaroc-1.jpg 720w\" sizes=\"auto, (max-width: 200px) 100vw, 200px\" \/><\/a><figcaption id=\"caption-attachment-11233\" class=\"wp-caption-text\">Auto-stop au Maroc<\/figcaption><\/figure>\n<p style=\"text-align: justify;\">Ludovic consid\u00e8re la connaissance et la compr\u00e9hension du monde qui l\u2019entoure comme une n\u00e9cessit\u00e9 dans un monde en mouvement. Son <a href=\"http:\/\/www.exploring-beyond.com\/defis\/defi-2003-2008-le-tour-du-monde-en-stop\/\"><u>tour du monde en stop de 5 ans<\/u><\/a> en t\u00e9moigne. Cette aventure fut pour lui un voyage initiatique, une \u00e9tape qu\u2019il consid\u00e8re comme logique et n\u00e9cessaire dans son parcours. Un \u00ab\u00a0<em>doctorat de la route<\/em>\u00a0\u00bb lors duquel ses professeurs ne se trouvaient pas dans des salles de classe mais au volant de leurs voitures, camions ou bateaux. Un doctorat de psychologie, d\u2019anthropologie, de g\u00e9ologie, etc.<\/p>\n<p style=\"text-align: justify;\">Son \u00e9cole de commerce lui a enseign\u00e9 de nombreuses choses (finance, management, etc.) mais ne lui a rien enseign\u00e9 des mis\u00e8res et richesses du monde. Au cours de ce tour du monde en stop, Ludovic a crois\u00e9 la route de rats, de l\u00e9preux, de grands chefs d&rsquo;entreprise, du Dala\u00ef-Lama, etc. Une \u00e9cole de vie absolument unique qu\u2019il continue de partager via son <a href=\"http:\/\/www.exploring-beyond.com\/defis\/defi-2009-ecriture-dun-livre\/\">livre<\/a> et les <a href=\"http:\/\/www.lhspeaking.com\">nombreuses conf\u00e9rences<\/a> qu&rsquo;il donne.<\/p>\n<p style=\"text-align: justify;\"><strong>Plus de 110 pays visit\u00e9s<\/strong><\/p>\n<p style=\"text-align: justify;\">La volont\u00e9 de Ludovic de mieux conna\u00eetre et comprendre le monde qui l\u2019entoure ne se limite pas \u00e0 ce tour du monde. Que ce soit sur son temps personnel ou via ses emplois \u00e0 <a href=\"http:\/\/www.exploring-beyond.com\/apropos\/a-propos-de-ludovic-hubler\/engagement\/\"><u>Peace and Sport<\/u> et <u>Travel With A Mission<\/u><\/a>, Ludovic continue de voyager, parfois dans des zones particuli\u00e8rement difficiles, en situation post-conflictuelles, en rupture de coh\u00e9sion sociale ou touch\u00e9es par l\u2019extr\u00eame pauvret\u00e9.<\/p>\n<p style=\"text-align: justify;\">Au total, Ludovic s\u2019est rendu dans plus de 110 pays, d\u00e9couvertes qu\u2019il partage r\u00e9guli\u00e8rement dans ce blog.<\/p>\n<\/div>\n<\/div>\n<div id='gallery-1' class='gallery galleryid-12242 gallery-columns-3 gallery-size-herald-lay-c1'><figure class='gallery-item'>\n\t\t\t<div class='gallery-icon landscape'>\n\t\t\t\t<a class=\"herald-popup\" href='https:\/\/exploring-beyond.com\/wp-content\/uploads\/2017\/08\/ludordc2-300x300-e1502703508694.jpg'><img loading=\"lazy\" decoding=\"async\" width=\"250\" height=\"250\" src=\"https:\/\/exploring-beyond.com\/wp-content\/uploads\/2017\/08\/ludordc2-300x300-e1502703508694.jpg\" class=\"attachment-herald-lay-c1 size-herald-lay-c1\" alt=\"\" aria-describedby=\"gallery-1-13514\" srcset=\"https:\/\/exploring-beyond.com\/wp-content\/uploads\/2017\/08\/ludordc2-300x300-e1502703508694.jpg 250w, https:\/\/exploring-beyond.com\/wp-content\/uploads\/2017\/08\/ludordc2-300x300-e1502703508694-100x100.jpg 100w\" sizes=\"auto, (max-width: 250px) 100vw, 250px\" \/><\/a>\n\t\t\t<\/div>\n\t\t\t\t<figcaption class='wp-caption-text gallery-caption' id='gallery-1-13514'>\n\t\t\t\tSud-Kivu, RD Congo\n\t\t\t\t<\/figcaption><\/figure><figure class='gallery-item'>\n\t\t\t<div class='gallery-icon landscape'>\n\t\t\t\t<a class=\"herald-popup\" href='https:\/\/exploring-beyond.com\/wp-content\/uploads\/2017\/08\/ldliban-300x250.jpg'><img loading=\"lazy\" decoding=\"async\" width=\"300\" height=\"250\" src=\"https:\/\/exploring-beyond.com\/wp-content\/uploads\/2017\/08\/ldliban-300x250.jpg\" class=\"attachment-herald-lay-c1 size-herald-lay-c1\" alt=\"\" aria-describedby=\"gallery-1-13513\" \/><\/a>\n\t\t\t<\/div>\n\t\t\t\t<figcaption class='wp-caption-text gallery-caption' id='gallery-1-13513'>\n\t\t\t\tCamps de r\u00e9fugi\u00e9s syriens, Liban\n\t\t\t\t<\/figcaption><\/figure><figure class='gallery-item'>\n\t\t\t<div class='gallery-icon landscape'>\n\t\t\t\t<a class=\"herald-popup\" href='https:\/\/exploring-beyond.com\/wp-content\/uploads\/2017\/08\/ldcheckpoint-300x300-e1502703666364.jpg'><img loading=\"lazy\" decoding=\"async\" width=\"250\" height=\"250\" src=\"https:\/\/exploring-beyond.com\/wp-content\/uploads\/2017\/08\/ldcheckpoint-300x300-e1502703666364.jpg\" class=\"attachment-herald-lay-c1 size-herald-lay-c1\" alt=\"\" aria-describedby=\"gallery-1-13512\" srcset=\"https:\/\/exploring-beyond.com\/wp-content\/uploads\/2017\/08\/ldcheckpoint-300x300-e1502703666364.jpg 250w, https:\/\/exploring-beyond.com\/wp-content\/uploads\/2017\/08\/ldcheckpoint-300x300-e1502703666364-100x100.jpg 100w\" sizes=\"auto, (max-width: 250px) 100vw, 250px\" \/><\/a>\n\t\t\t<\/div>\n\t\t\t\t<figcaption class='wp-caption-text gallery-caption' id='gallery-1-13512'>\n\t\t\t\tCheck point Palestine-Isra\u00ebl\n\t\t\t\t<\/figcaption><\/figure>\n\t\t<\/div>\n\n<div class=\"wpb_text_column wpb_content_element \">\n<div class=\"wpb_wrapper\">\n<p style=\"text-align: justify;\"><strong>Amateur de d\u00e9fis<\/strong><\/p>\n<p style=\"text-align: justify;\">Mais l\u2019exploration de l\u2019au-del\u00e0 n\u2019est pas que g\u00e9ographique. Elle l\u2019est aussi au niveau du d\u00e9veloppement personnel et de la <a href=\"http:\/\/www.exploring-beyond.com\/defis\/\">r\u00e9alisation de d\u00e9fis<\/a> en tous genres pour sortir de sa zone de confort.<\/p>\n<p style=\"text-align: justify;\">R\u00e9guli\u00e8rement, Ludovic se fixe des d\u00e9fis le poussant \u00e0 d\u00e9passer ses propres limites. Pour ce qui est des plus r\u00e9cents, en Novembre 2014, c\u2019\u00e9tait la r\u00e9alisation de son <a href=\"http:\/\/www.exploring-beyond.com\/mon-premier-marathon\/\">premier marathon<\/a>. En 2015, une <a href=\"http:\/\/www.exploring-beyond.com\/defi-2015-strasbourg-eze-1287-kms-a-velo-pour-promouvoir-twam\/\"><u>travers\u00e9e d\u2019une partie de la France \u00e0 v\u00e9lo entre Strasbourg et Eze.<\/u><\/a> En 2017, l&rsquo;ascension du Mont-Blanc. En 2018, la Spartan Race. En 2023, le triathlon. En 2024, la diagonale de l&rsquo;engagement, etc.<\/p>\n<div id='gallery-2' class='gallery galleryid-12242 gallery-columns-3 gallery-size-herald-lay-c1'><figure class='gallery-item'>\n\t\t\t<div class='gallery-icon landscape'>\n\t\t\t\t<a class=\"herald-popup\" href='https:\/\/exploring-beyond.com\/wp-content\/uploads\/2017\/08\/defis-perso-300x400-e1502704041948.jpg'><img loading=\"lazy\" decoding=\"async\" width=\"300\" height=\"313\" src=\"https:\/\/exploring-beyond.com\/wp-content\/uploads\/2017\/08\/defis-perso-300x400-300x313.jpg\" class=\"attachment-herald-lay-c1 size-herald-lay-c1\" alt=\"1er Marathon\" aria-describedby=\"gallery-2-13509\" \/><\/a>\n\t\t\t<\/div>\n\t\t\t\t<figcaption class='wp-caption-text gallery-caption' id='gallery-2-13509'>\n\t\t\t\t1er Marathon\n\t\t\t\t<\/figcaption><\/figure><figure class='gallery-item'>\n\t\t\t<div class='gallery-icon landscape'>\n\t\t\t\t<a class=\"herald-popup\" href='https:\/\/exploring-beyond.com\/wp-content\/uploads\/2015\/11\/IMG_4842-e1502703942884.jpg'><img loading=\"lazy\" decoding=\"async\" width=\"470\" height=\"313\" src=\"https:\/\/exploring-beyond.com\/wp-content\/uploads\/2015\/11\/IMG_4842-e1502703942884-470x313.jpg\" class=\"attachment-herald-lay-c1 size-herald-lay-c1\" alt=\"Sur la route Strasbourg-Eze\" aria-describedby=\"gallery-2-6830\" srcset=\"https:\/\/exploring-beyond.com\/wp-content\/uploads\/2015\/11\/IMG_4842-e1502703942884-470x313.jpg 470w, https:\/\/exploring-beyond.com\/wp-content\/uploads\/2015\/11\/IMG_4842-e1502703942884-300x200.jpg 300w, https:\/\/exploring-beyond.com\/wp-content\/uploads\/2015\/11\/IMG_4842-e1502703942884-414x276.jpg 414w, https:\/\/exploring-beyond.com\/wp-content\/uploads\/2015\/11\/IMG_4842-e1502703942884-130x86.jpg 130w, https:\/\/exploring-beyond.com\/wp-content\/uploads\/2015\/11\/IMG_4842-e1502703942884-187x124.jpg 187w\" sizes=\"auto, (max-width: 470px) 100vw, 470px\" \/><\/a>\n\t\t\t<\/div>\n\t\t\t\t<figcaption class='wp-caption-text gallery-caption' id='gallery-2-6830'>\n\t\t\t\tSur la route Strasbourg-Eze\n\t\t\t\t<\/figcaption><\/figure><figure class='gallery-item'>\n\t\t\t<div class='gallery-icon landscape'>\n\t\t\t\t<a class=\"herald-popup\" href='https:\/\/exploring-beyond.com\/wp-content\/uploads\/2017\/03\/1.jpg'><img loading=\"lazy\" decoding=\"async\" width=\"470\" height=\"313\" src=\"https:\/\/exploring-beyond.com\/wp-content\/uploads\/2017\/03\/1-470x313.jpg\" class=\"attachment-herald-lay-c1 size-herald-lay-c1\" alt=\"\" aria-describedby=\"gallery-2-13515\" srcset=\"https:\/\/exploring-beyond.com\/wp-content\/uploads\/2017\/03\/1-470x313.jpg 470w, https:\/\/exploring-beyond.com\/wp-content\/uploads\/2017\/03\/1-300x200.jpg 300w, https:\/\/exploring-beyond.com\/wp-content\/uploads\/2017\/03\/1-414x276.jpg 414w, https:\/\/exploring-beyond.com\/wp-content\/uploads\/2017\/03\/1-640x426.jpg 640w, https:\/\/exploring-beyond.com\/wp-content\/uploads\/2017\/03\/1-130x86.jpg 130w, https:\/\/exploring-beyond.com\/wp-content\/uploads\/2017\/03\/1-187x124.jpg 187w\" sizes=\"auto, (max-width: 470px) 100vw, 470px\" \/><\/a>\n\t\t\t<\/div>\n\t\t\t\t<figcaption class='wp-caption-text gallery-caption' id='gallery-2-13515'>\n\t\t\t\tAu sommet du Mont-Blanc\n\t\t\t\t<\/figcaption><\/figure>\n\t\t<\/div>\n\n<\/div>\n<\/div>\n<\/div>\n<\/div>\n","protected":false},"excerpt":{"rendered":"<p>Le voyage et la r\u00e9alisation de d\u00e9fis ambitieux font partie de l\u2019ADN de Ludovic. Ludovic consid\u00e8re la connaissance et la compr\u00e9hension du monde qui l\u2019entoure comme une n\u00e9cessit\u00e9 dans un monde en mouvement. Son tour du monde en stop de 5 ans en t\u00e9moigne. Cette aventure fut pour lui un voyage initiatique, une \u00e9tape qu\u2019il [&hellip;]<\/p>\n","protected":false},"author":1,"featured_media":11545,"parent":6876,"menu_order":0,"comment_status":"closed","ping_status":"closed","template":"","meta":{"footnotes":""},"class_list":["post-12242","page","type-page","status-publish","has-post-thumbnail","hentry"],"_links":{"self":[{"href":"https:\/\/exploring-beyond.com\/index.php?rest_route=\/wp\/v2\/pages\/12242","targetHints":{"allow":["GET"]}}],"collection":[{"href":"https:\/\/exploring-beyond.com\/index.php?rest_route=\/wp\/v2\/pages"}],"about":[{"href":"https:\/\/exploring-beyond.com\/index.php?rest_route=\/wp\/v2\/types\/page"}],"author":[{"embeddable":true,"href":"https:\/\/exploring-beyond.com\/index.php?rest_route=\/wp\/v2\/users\/1"}],"replies":[{"embeddable":true,"href":"https:\/\/exploring-beyond.com\/index.php?rest_route=%2Fwp%2Fv2%2Fcomments&post=12242"}],"version-history":[{"count":12,"href":"https:\/\/exploring-beyond.com\/index.php?rest_route=\/wp\/v2\/pages\/12242\/revisions"}],"predecessor-version":[{"id":17578,"href":"https:\/\/exploring-beyond.com\/index.php?rest_route=\/wp\/v2\/pages\/12242\/revisions\/17578"}],"up":[{"embeddable":true,"href":"https:\/\/exploring-beyond.com\/index.php?rest_route=\/wp\/v2\/pages\/6876"}],"wp:featuredmedia":[{"embeddable":true,"href":"https:\/\/exploring-beyond.com\/index.php?rest_route=\/wp\/v2\/media\/11545"}],"wp:attachment":[{"href":"https:\/\/exploring-beyond.com\/index.php?rest_route=%2Fwp%2Fv2%2Fmedia&parent=12242"}],"curies":[{"name":"wp","href":"https:\/\/api.w.org\/{rel}","templated":true}]}}